 4411.
401
Calculate the highest common divisor of 84 and 70427.
7
Calculate the greatest common factor of 440 and 3390255.
55
What is the highest common factor of 22 and 113467838?
22
Calculate the highest common factor of 36600 and 4920260.
1220
Calculate the highest common factor of 12704769 and 60819.
3201
Calculate the highest common factor of 1657000 and 1000.
1000
What is the greatest common factor of 32144 and 4043256?
2296
What is the highest common factor of 2415 and 13935?
15
Calculate the highest common factor of 29700 and 75263400.
900
Calculate the greatest common factor of 194757319 and 13941.
1549
What is the highest common factor of 51987262 and 328?
82
Calculate the highest common divisor of 396 and 2442429.
99
Calculate the highest common divisor of 2835 and 1060406235.
2835
Calculate the highest common factor of 2750 and 17798.
22
Calculate the greatest common factor of 15 and 75581260.
5
What is the greatest common factor of 4756236 and 54?
6
Calculate the highest common factor of 60310 and 597920.
370
Calculate the highest common factor of 1087026240 and 43.
43
Calculate the highest common divisor of 8715 and 8176413.
1743
What is the highest common factor of 27735 and 12605235?
645
What is the greatest common factor of 200 and 57848800?
200
Calculate the greatest common divisor of 8063780 and 1020.
340
Calculate the greatest common factor of 15 and 9332805.
15
What is the greatest common factor of 22597213 and 19?
19
Calculate the highest common divisor of 225 and 17506800.
225
Calculate the highest common divisor of 154 and 54585188.
14
Calculate the greatest common divisor of 18599 and 445193.
7
Calculate the highest common divisor of 921987 and 145457.
67
What is the greatest common divisor of 32349 and 4119369?
789
What is the highest common divisor of 36455 and 318585?
1585
What is the greatest common factor of 65093 and 1641?
547
What is the greatest common factor of 550212 and 2106?
78
Calculate the highest common factor of 118779741 and 36.
9
What is the highest common divisor of 8280 and 1237308?
276
What is the greatest common factor of 39 and 40990404?
39
What is the highest common factor of 15 and 4378173?
3
Calculate the greatest common factor of 16560892 and 213.
71
What is the highest common factor of 8716 and 705140?
4
Calculate the highest common divisor of 266 and 82611886.
266
What is the highest common factor of 29015 and 140677155?
4145
Calculate the highest common factor of 27940 and 15566771.
1397
What is the highest common divisor of 11498784 and 144?
48
Calculate the highest common divisor of 15034830 and 1175.
235
What is the greatest common divisor of 4550 and 355981080?
910
What is the greatest common factor of 106702 and 67394?
62
What is the greatest common factor of 767375 and 21875?
875
What is the greatest common divisor of 3022383 and 126?
21
Calculate the highest common divisor of 1016 and 564261.
127
Calculate the greatest common divisor of 91394 and 190.
2
What is the highest common divisor of 39 and 85152587?
13
Calculate the greatest common factor of 136088 and 37512.
8
What is the highest common divisor of 1010923 and 53537?
157
What is the greatest common divisor of 13849 and 7966952?
1259
Calculate the greatest common divisor of 37041888 and 3744.
1248
Calculate the highest common factor of 1543 and 2740511499.
1543
What is the highest common divisor of 4020669 and 65565?
279
What is the highest common factor of 21204 and 16619224?
2356
Calculate the highest common factor of 65 and 29442517.
13
What is the greatest common divisor of 1788303 and 310717?
517
What is the greatest common factor of 4321 and 230579?
29
What is the greatest common factor of 16837552 and 656?
656
Calculate the greatest common divisor of 483096 and 69024.
24
What is the highest common divisor of 10823508 and 6273?
369
What is the highest common divisor of 1570228 and 528?
44
What is the highest common divisor of 14776 and 227755417?
1847
Calculate the greatest common factor of 10120068 and 112014.
882
What is the greatest common divisor of 997 and 3158?
1
Calculate the greatest common factor of 716 and 36908010.
358
What is the highest common divisor of 297480 and 4668?
12
Calculate the highest common factor of 76 and 18450292.
76
Calculate the greatest common divisor of 5019936 and 114.
6
Calculate the highest common factor of 61719398 and 52.
26
What is the highest common divisor of 615113 and 747?
83
Calculate the greatest common factor of 422497 and 7771.
409
Calculate the greatest common divisor of 1356185 and 7105.
145
What is the highest common divisor of 9299023 and 122?
61
Calculate the greatest common factor of 14720 and 667276.
92
What is the greatest common divisor of 7546 and 107327101?
343
What is the greatest common divisor of 26392 and 130261015?
3299
What is the greatest common factor of 4594386 and 1922?
62
What is the highest common factor of 1443232 and 154343?
119
What is the highest common factor of 37461960 and 17280?
1080
What is the greatest common divisor of 16313 and 9592?
11
What is the highest common factor of 640 and 643675264?
128
What is the greatest common factor of 399 and 6789573?
21
What is the highest common divisor of 1428 and 130153632?
1428
What is the highest common divisor of 1554904 and 481?
13
What is the highest common divisor of 6280 and 3025064?
8
Calculate the highest common factor of 14245 and 5303210.
2035
Calculate the highest common divisor of 10 and 4911978.
2
What is the greatest common divisor of 1486 and 28987402?
1486
What is the greatest common divisor of 552414 and 11224412?
8006
What is the highest common factor of 2633408 and 36800?
1472
What is the greatest common divisor of 26153586 and 36?
18
What is the greatest common divisor of 207726 and 71022?
534
Calculate the greatest common divisor of 360457541 and 46.
23
Calculate the greatest common factor of 6658362 and 230.
46
Calculate the greatest common divisor of 21966832 and 5680.
1136
Calculate the greatest common divisor of 187939 and 33252.
163
Calculate the highest common divisor of 7825 and 51911989.
313
Calculate the greatest common divisor of 167 and 4950047.
167
Calculate the highest common divisor of 2915 and 53900.
55
Calculate the highest common factor of 77 and 160237.
77
What is the greatest common divisor of 24848 and 108095012?
6212
Calculate the greatest common divisor of 149301836 and 1616.
404
Calculate the highest common divisor of 8 and 419897008.
8
Calculate the highest common factor of 564 and 8709053.
47
Calculate the greatest common factor of 64 and 62330672.
16
What is the highest common divisor of 11508 and 429114140?
3836
What is the greatest common factor of 38 and 18647607?
19
What is the highest common factor of 1704704 and 304?
16
What is the greatest common factor of 7170250 and 345?
115
Calculate the greatest common factor of 367229088 and 16704.
8352
What is the greatest common factor of 666 and 31886082?
666
Calculate the highest common divisor of 45193 and 3330619.
1051
Calculate the highest common divisor of 5480817 and 969.
51
Calculate the highest common factor of 6161 and 5066564.
101
Calculate the highest common divisor of 11857143 and 255.
51
What is the greatest common divisor of 56297052 and 4068?
4068
Calculate the highest common divisor of 39846 and 86391.
87
Calculate the greatest common divisor of 153988 and 35.
1
What is the highest common factor of 7285 and 11997?
31
Calculate the greatest common divisor of 901 and 3171591179.
901
Calculate the highest common divisor of 1096 and 583926880.
1096
Calculate the greatest common divisor of 180106811 and 3958.
1979
Calculate the greatest common factor of 192 and 572568.
24
What is the highest common factor of 79684801 and 7?
7
Calculate the highest common divisor of 27 and 826692966.
27
Calculate the highest common divisor of 353830 and 5535.
205
Calculate the highest common divisor of 86 and 470484328.
86
What is the greatest common divisor of 449936 and 400?
16
Calculate the greatest common divisor of 51561 and 1368894.
1011
Calculate the highest common factor of 60475 and 6717563.
2419
What is the greatest common factor of 1528 and 21969966?
382
What is the highest common divisor of 12767 an